4))
3
Calculate -47 - (-11 - (25 + -17)).
-28
What is the value of (-17 + (45 - 5) - -15) + -15?
23
22 + -34 - 1 - (12 - 1)
-24
-13 - (-9 - 6 - -6)
-4
-20 - (9 - -17 - 19)
-27
What is -1 + -7 + 10 + 14 + -7?
9
-12 - (1 + (-6 - 4)) - (-5 - 0)
2
What is the value of (-55 - -53) + 2 + -1 + (-9 - -11)?
1
48 + -5 - (77 - 48)
14
Evaluate 4 - (9 - (2 + (4 - -10))).
11
Calculate -107 - -78 - -29 - (1 - -3).
-4
13 + -2 - (-20 - (-11 + 1))
21
Calculate (-7 - (8 + -32)) + -18.
-1
Evaluate (12 - (4 + -5 + 17)) + (2 - 15).
-17
Evaluate 3 - (-24 - -14 - -12 - (1 + -2)).
0
Evaluate 0 + 15 + -61 + 53.
7
Evaluate (-11 - 2) + -2 + (-30 - -20) + 9.
-16
What is 7 + -26 + 6 + 3 + (3 - 4)?
-11
Calculate -7 - (-3 - 14 - -11 - -8).
-9
Evaluate (0 - -5 - 3) + -9 - (256 - 268).
5
Evaluate 15 + -6 - ((-4 - -10) + 12).
-9
Calculate -4 + 1 + 25 + (-84 - -73).
11
Calculate -24 + 8 + -4 - ((-8 - -17) + -5).
-24
(5 - -15) + -5 + -2 + -13
0
Calculate (-91 - -83) + (1 - 7).
-14
Evaluate -43 + (37 - 11) + (-3 - (-16 - -2)).
-6
Calculate 17 + -7 - 28 - (13 - 1 - 1).
-29
What is 1 - (-24 + 0) - ((25 - 66) + 34)?
32
15 - (12 - (-2 + -23))
-22
3 - (28 - -3) - ((40 - 28) + -16)
-24
What is the value of (8 - (1 + (-1 - -2))) + -2?
4
What is the value of (-2 - 2) + -2 + 9 - -11?
14
What is (-8 - -25) + (19 - 26)?
10
Calculate (0 - -6) + 43 + (16 - 54) - 0.
11
Evaluate 5 + (-11 - -19) + 0 + -1.
12
Evaluate -6 - -8 - -5 - 7 - -3.
3
What is -1 - (-12 + (8 - (-4 + 7 + 4)))?
10
Calculate 4 + (1 - (2 - (21 + -10))).
14
What is 14 + 14 - 25 - (0 + (0 - -5))?
-2
Calculate 18 + -16 + (-9 - -27).
20
What is (0 - (0 + (-2 - 2)) - 0) + -17?
-13
-31 - (-31 + 15 + 3)
-18
Calculate -15 + -24 + 27 + 29.
17
Evaluate 22 + 22 + -17 + -6.
21
Evaluate -12 + 5 - -2 - (8 - 16).
3
What is 16 + (-3 - -5 - 23 - -16)?
11
Calculate 2 + (17 - 35) - -12.
-4
What is the value of 12 + (2 - (0 - (-2 + -4 + 5)))?
13
-15 + (42 - 22) - (-3 + 1)
7
What is the value of -10 + (7 - 9 - -8) - (-18 + 3)?
11
Evaluate -8 + (3 - (0 - (-5 + 4))) + -2.
-8
Evaluate -38 - (33 - (30 - -19)).
-22
What is (4 - 1) + 2 + 0 - (-2 - -9)?
-2
What is (10 - 1) + 13 + -34 + -26 + 6?
-32
Evaluate 3 + (-5 - 5) + 3 + 1.
-3
Evaluate -1 + 21 + -26 + 7.
1
Calculate 30 + -7 - (10 + (-14 - -21)).
6
Calculate (-1 - (-5 + 4)) + (-159 - -132).
-27
Evaluate (-3 - (1 + -7)) + 1 - -1.
5
What is the value of -7 + (-19 - -18) + -8?
-16
What is the value of -10 - (6 + -4 + 26)?
-38
7 + (-15 - -13) + -5
0
What is the value of (0 - 8) + 308 + -287?
13
Evaluate -9 + 1 - (17 + -16 + 10).
-19
What is (-17 - -1) + (-12 - -15)?
-13
Calculate (6 - 10) + (0 + -5 - -2).
-7
Evaluate -107 + 113 - (7 - 4).
3
(23 - 11) + -22 + -13
-23
What is the value of 8 - (-7 + 9 + -10 + 12 + 2)?
2
Calculate (9 - 7 - 0 - -3) + -3.
2
Calculate 46 + -2 - (-43 - -117).
-30
Calculate 9 + 2 - 22 - (-6 + 0).
-5
Evaluate -10 - (-1 + -25 - (-11 + 11)).
16
Calculate 6 + -2 - (-3 + 23).
-16
4 - 2 - (19 + 3 - 10)
-10
What is 33 - (-50 + 56 - (-1 - 1))?
25
What is the value of (48 - 49) + -2 + (-2 - (1 + -5))?
-1
Evaluate 8 + 20 + -24 - (-2 + -1 - -2).
5
What is the value of -3 + (-5 - 1) + 8 - 0?
-1
-10 + (1 - 36) + 25
-20
Calculate -13 + -2 - (-7 + 6 + (-5 - -1)).
-10
Evaluate (-11 - -23) + -2 + 8 + -3 + 0.
15
Calculate -132 + 124 + (1 - (1 + 0 - 2)).
-6
What is -3 + 1 - (-19 + 10 + 11)?
-4
What is -22 + 19 + (10 + -13 - (2 + 1))?
-9
Evaluate 1 - (-46 - -42 - -40).
-35
Evaluate -15 - -15 - 16 - -8.
-8
Evaluate 15 - (-13 + (31 - 14) + -14).
25
What is 773 + -772 + -1 + 0 + -31?
-31
Calculate (11 + -23 - -17) + 2 + -17.
-10
Calculate 10 + (-5 - -6) + -4.
7
Calculate 9 - ((4 - (-5 - -6)) + -2).
8
Calculate -32 - (-26 + 44 + -35).
-15
What is -13 + 14 + -14 + 9?
-4
Evaluate 0 - (-3 + -1 + 10 + 3).
-9
What is the value of (0 - (29 - 13) - 9) + 8?
-17
(2 - 2) + (15 + -13 - 5)
-3
Evaluate 37 - 4 - (-230 + 236).
27
Calculate 8 - (-12 + -2 + -11 + -1 + 14).
20
What is (1 - 8) + -2 + (-9 - -3 - -1)?
-14
Calculate (12 - -7) + -4 + -5.
10
What is the value of (2 - (-14 + 12 - 13)) + -51?
-34
What is the value of -30 + 49 + 3 - -6?
28
12 + 8 + -19 + 10
11
Calculate (-4 - 5 - 3) + 2.
-10
What is -1023 + 1017 - (-16 + (2 - 0))?
8
Evaluate -12 - (0 + -7) - (-1 + 7).
-11
Evaluate 2 - (-26 + (-4 + -8 - -19)).
21
Evaluate (-10 + 4 - -4) + (10 - 8).
0
11 + -1 + -2 - (-112 - -127)
-7
What is -16 + (18 - (-10 - -25)) + -12?
-25
(-13 - -28) + -20 + 6
1
Calculate -1 + 8 + (2 - -2) + -33 + 32.
10
What is the value of (6 - 2 - -2) + 2 - (3 + -4)?
9
What is 5 - (-6 - (-22 + (1 - -11)))?
1
Calculate (-9 - -23) + -5 + 12 - 5.
16
-54 + 48 - (1 - (-1 + 3))
-5
Calculate 2 - (-7 + -13 + 33).
-11
Evaluate 0 + -3 - 1 - -8 - -12.
16
17 - (-16 + 13 + -8 - -10)
18
Calculate -17 + (5 - (3 + -10 - -11)).
-16
What is 18 + 10 + -1 + (7 - 12)?
22
Evaluate 1 - (5 + (7 - 5) - -3).
-9
Calculate -3 + (-5 - -9 - -8) - -1.
10
Calculate (17 - (4 + 26)) + 9 + -2 + 1.
-5
Evaluate 38 - 50 - 20 - -8.
-24
Calculate -10 + -2 - -15 - (-8 - -18).
-7
Calculate (39 - 38) + 17 + -18.
0
0 + 13 - (-283 - -282)
14
What is 17 + -2 - (91 - 85)?
9
Evaluate (2 - (13 + 1) - -2) + 19.
9
Calculate (-17 - -32) + -5 + 5.
15
Evaluate -10 + 40 + -41 + 0 + -6 + 3.
-14
Evaluate -11 - (8 + -3 - (15 - 5)).
-6
Evaluate 16 - (17 + (-17 - -4) - -3).
9
(5 - 12) + 23 + (0 - (-2 + 5))
13
Calculate -6 - -9 - (37 + -39).
5
Calculate -329 - -334 - (14 + -1 - (-1 + -1)).
-10
What is the value of (31 - 25) + (2 - 3) + 14?
19
Calculate 23 + 20 - 23 - 19.
1
What is the value of -10 + (0 - -10) - (-11 + 0 + 0)?
11
What is -6 + 16 + -11 + -8 + (-2 - 3)?
-14
What is (8 - 1) + (-14 + -3 - -13)?
3
Calculate -30 + (16 - 3) - (-3 - 2).
-12
What is 14 + -28 + (-21 + 7 - -16)?
-12
What is 2 + -14 + 1 - -2?
-9
What is 9 - (-1 - (5 - (9 + -2) - 2))?
6
Calculate 6 - (-37 - (9 - 65)).
-13
What is -3 + 1 - ((-1 - -2) + (290 - 290))?
-3
What is the value of -4 + -3 + (-6 - -12) + 21?
20
Evaluate 5 - (15 + -12 + 2).
0
What is the value of (-3 - -13 - 11) + -10?
-11
Calculate -11 + (12 - -3) + -8.
-4
Calculate (-5 - -13) + (-17 - -5) + 3.
-1
What is the value of 2 - -9 - (12 + (12 - -11))?
-24
What is the value of (1 - -3) + -6 + 8?
6
Calculate -10 + -2 + (-6 - 1 - (21 + -67)).
27
What is the value of -381 + 377 + 2 + -2 + 6?
2
What is the value of (-39 - (-1 - -1)) + -76 + 87?
-28
What is -14 + (1 - -6 - 10 - -3)?
-14
Calculate (-3 - 9) + 6 - -3 - (5 - 1).
-7
What is the value of (1 - -13) + 88 + -101?
1
Evaluate -6 + -11 + 11 - 2.
-8
Evaluate 7 - (-16 + (18 - -1) - (7 - 1)).
10
What is 0 + 8 + -8 + -11 + (0 - 0)?
-11
What is the value of 36 - (-7 + 65) - -9?
-13
Evaluate (5 - 1) + 12 + -10 - 9 - 6.
-9
Calculate -31 + 26 - 30 - ((3 - 1) + -2).
-35
Calculate -27 - (-17 - -11 - 1).
-20
Evaluate -6 + -6 + 15 + -12.
-9
Evaluate 4 - 14 - -6 - -8 - (-1 + -4).
9
Evaluate (6 + -11 - (3 - 13)) + -13 + -13.
-21
(2 - (7 + 3)) + 7
-1
What is the value of (-4 - -2 - -12) + 826 + -809?
27
Calculate (-1 - (-1 + 11)) + -50 + (123 - 62).
0
What is the value of 11 + -5 + 8 + 2 + -2?
14
Evaluate (62 - 68) + 27 + -2.
19
9 - (-7 + 1 + -8 + 28)
-5
What is the value of (24 - (4 + (16 - 9 - 3))) + 2?
18
Evaluate 1 - -4 - (11 + -5 + -6 - -3).
2
Calculate -11 + -1 + -16 + 15 + 7 + 0.
-6
What is the value of 5 + (-3 - -6) - (139 - 128)?
-3
What is 10 + (7 - (-1 + 9))?
9
What is -108 + 143 - (8 + 6)?
21
Evaluate (27 - 25) + (1 - -6).
9
Evaluate (-2 - (-6 + 5)) + 0 + (-2 - -20).
17
Evaluate -4 - (1 + (-2 - 0) + -1).
-2
What is the value of -6 - (-14 + 3 + (-9 - -11)) - 18?
-15
(5 + (-5 - 2) - -25) + (33 - 34)
22
Calculate (11 - (-3 - (1 - 1 - 0))) + -6.
8
What is the value of 17 + -6 - (-14 + 14)?
11
Evaluate 11 + 5 - 24 - (-2 - 0).
-6
What is the value of -10 - (-9 + 21 + -18)?
-4
-1 + 2 + -36 + 53 + -41
-23
What is the value of -3 + (-2 - (-2 - -4 - (10 + -1)))?
2
-168 + 157 - ((3 - 1 - 1) + 1)
-13
-1 - 15 - (-54 - -48)
-10
(-107 - -101) + -10 + 0 + -3
-19
What is -8 + -5 + -3 - -4?
-12
What is -41 + 33 - (7 - 1)?
-14
Evaluate 15 + -13 + -20 - -14 - (16 + -1).
-19
Evaluate 21 + -5 - (-129 - -132).
13
-13 - (34 - 41 - (-13 - (1 - 4)))
-16
Evaluate (5 - 20) + 6 - (111 - 99).
-21
Evaluate 4 + 7 - 7 - -6 - -2 - 23.
-11
Evaluate 4 + 2 + -4 + -3 - 5 - 10.
-16
(-47 - (-81 + 17)) + (-3 - 46)
-32
What is the value of 10 - -4 - (-6 +